ase 7, what is 3 + 100540501?
100540504
In base 11, what is -19 + 102273?
102255
In base 8, what is -21307636 - 3?
-21307641
In base 12, what is 12067 - 1?
12066
In base 2, what is 100 - 111111011110010000110?
-111111011110010000010
In base 11, what is -3 + 78249725?
78249722
In base 5, what is -13441224320 + 1?
-13441224314
In base 13, what is 1469783 + 0?
1469783
In base 7, what is -14116 + 10661?
-3125
In base 6, what is -5130521 + -330?
-5131251
In base 16, what is -1450 + b962?
a512
In base 7, what is 304400616 - -4?
304400623
In base 11, what is 5 + -12398860?
-12398856
In base 10, what is -3988 + -2631?
-6619
In base 8, what is 2 + -174614145?
-174614143
In base 14, what is -108a + 8207?
715b
In base 16, what is -7 + 3cd0a?
3cd03
In base 13, what is -13 + -3346b4?
-3346c7
In base 2, what is -111 - 11101011000000000001101?
-11101011000000000010100
In base 7, what is 6 + 25626422?
25626431
In base 2, what is -1111 + 100001000110000100001?
100001000110000010010
In base 4, what is 13330200 - 220?
13323320
In base 2, what is 1 - -1000001011001000101?
1000001011001000110
In base 2, what is 1000010111001111101 - 10110100000?
1000010100011011101
In base 11, what is -548 - 18255?
-187a2
In base 5, what is -204302 + 31?
-204221
In base 16, what is ede09 + -11?
eddf8
In base 11, what is -3a + 38834?
387a5
In base 9, what is -3 + -176876237?
-176876241
In base 5, what is 20 - -1333422432?
1333423002
In base 6, what is 10402451 - 2355?
10400052
In base 16, what is -73 - -1b3cfc?
1b3c89
In base 5, what is 23320123430 - 4?
23320123421
In base 6, what is -10 - -422212033?
422212023
In base 15, what is 10e238d - -3?
10e2391
In base 13, what is 1496b - -101?
14a6c
In base 4, what is 10 + 3002232213223?
3002232213233
In base 12, what is 67a75 - 42?
67a33
In base 7, what is 43 + 102456346?
102456422
In base 6, what is -4221232 + -14452?
-4240124
In base 16, what is -4 + -257abed?
-257abf1
In base 13, what is -8a65b1 - 2?
-8a65b3
In base 14, what is -ac - -85737?
85669
In base 2, what is -10011 - -10011001010001010101111?
10011001010001010011100
In base 9, what is -858654565 - 0?
-858654565
In base 4, what is -3 - -212013102313?
212013102310
In base 11, what is -240931 - -18?
-240914
In base 16, what is c0446d + 1c?
c04489
In base 7, what is -105642 - -535?
-105104
In base 4, what is -2223 + 3312221?
3303332
In base 13, what is 18 + -744576?
-74455b
In base 5, what is 12130023 + 140?
12130213
In base 5, what is -43123 - 233121?
-331244
In base 6, what is -43102 - 441?
-43543
In base 16, what is 10 - -245f5?
24605
In base 4, what is -2000212 - 3032221?
-11033033
In base 3, what is 10 - -110212011000211?
110212011000221
In base 10, what is -8 - 2555159?
-2555167
In base 8, what is -633 - -10227?
7374
In base 12, what is 31 + 330182?
3301b3
In base 16, what is -242f9b0 + -3?
-242f9b3
In base 7, what is 303216 + 36440?
342656
In base 12, what is -1 + -202314a3?
-202314a4
In base 14, what is -1a8dacb + 4?
-1a8dac7
In base 2, what is 1111010010000 + 11010110010?
10010101000010
In base 12, what is 2548aab - -3?
2548ab2
In base 14, what is -51b8996 + -5?
-51b899b
In base 3, what is -10201001101 - 2010?
-10201010111
In base 8, what is 77 + 113057?
113156
In base 8, what is -136514051 - 4?
-136514055
In base 3, what is 10201 + 22002211100?
22002222001
In base 7, what is -21066 - 224?
-21323
In base 16, what is 272e5 - -26?
2730b
In base 13, what is -1587477 - 3?
-158747a
In base 3, what is -1001122002102 + 2120?
-1001121222212
In base 15, what is 403 + -ca0bb?
-c9bb8
In base 15, what is -149 - -3524?
33ca
In base 8, what is 16 - 5106707?
-5106671
In base 8, what is 16 - -2346600?
2346616
In base 5, what is 101 + -131404243?
-131404142
In base 3, what is 11202 - -12021111?
12110020
In base 13, what is 0 - -410cb48?
410cb48
In base 5, what is -12 - 22244422032?
-22244422044
In base 3, what is -2111000100120 - 210?
-2111000101100
In base 2, what is 100 - -100010010011010101110111?
100010010011010101111011
In base 15, what is -134d6a02 + 3?
-134d69ee
In base 16, what is -649761 - -d?
-649754
In base 14, what is 3208a - 2695?
2d7d5
In base 3, what is 120112 + -1022111122020?
-1022111001201
In base 5, what is -4 + 33010030341?
33010030332
In base 7, what is 5024 + -3131?
1563
In base 8, what is -3 - 15206060?
-15206063
In base 12, what is -9b4418 + -a?
-9b4426
In base 12, what is 3 - -24900906?
24900909
In base 14, what is -12436 - -815?
-11a21
In base 8, what is -62704 + 1216?
-61466
In base 11, what is 163 - 1627049?
-1626996
In base 10, what is 533112 - 14?
533098
In base 3, what is -21 + -12202110201120202?
-12202110201121000
In base 10, what is 899868 + -34?
899834
In base 11, what is 12622275 - -2?
12622277
In base 2, what is -11001011100010010110 + -101011?
-11001011100011000001
In base 12, what is -1b57ba + -a?
-1b5808
In base 4, what is 13 + -11130120133?
-11130120120
In base 10, what is 8580 + 1152?
9732
In base 9, what is 12481 - -33200?
45681
In base 4, what is -300001 + 203231?
-30110
In base 14, what is -a4 + -aa5db?
-aa6a1
In base 6, what is 5 + -12414302542?
-12414302533
In base 13, what is -1 - -176ab04?
176ab03
In base 14, what is 161abac - 1?
161abab
In base 13, what is 19917c - 3?
199179
In base 12, what is -b4 - 661?
-755
In base 5, what is -10441001 - -301?
-10440200
In base 11, what is -2 - 7745652?
-7745654
In base 7, what is -361065 + 6112?
-351653
In base 2, what is 110100111011011001000010 - -11?
110100111011011001000101
In base 3, what is -10012001111 + -222101?
-10020000212
In base 9, what is 1320287852 + 2?
1320287854
In base 6, what is -3 + -1413522242?
-1413522245
In base 4, what is 10 + 102133302233?
102133302303
In base 3, what is 1 + -221120121120221?
-221120121120220
In base 7, what is -112046352 - -304?
-112046045
In base 16, what is -5 + 8cbb1d?
8cbb18
In base 13, what is 11 + -1654a74?
-1654a63
In base 9, what is -28621507 - -3?
-28621504
In base 14, what is 543c9 + 6?
543d1
In base 6, what is 4133304 + 104?
4133412
In base 12, what is 3 + -48070?
-48069
In base 2, what is 11 + 1101010011011101101010?
1101010011011101101101
In base 16, what is -12 + -d87b1?
-d87c3
In base 8, what is -33503 - 1300?
-35003
In base 14, what is -386acc06 - -2?
-386acc04
In base 5, what is -10300221411004 - -4?
-10300221411000
In base 4, what is 1 - -11301112223?
11301112230
In base 7, what is -20606 + 321565?
300656
In base 9, what is -421514 - 74?
-421588
In base 10, what is 937 + -2428?
-1491
In base 10, what is 5178 - 65789?
-60611
In base 4, what is -223100312200 - -2?
-223100312132
In base 14, what is -290c4cc8 + 4?
-290c4cc4
In base 13, what is 560b + 2b5a?
8468
In base 6, what is -130 + -14515030?
-14515200
In base 12, what is -b8b4 + -10b1?
-109a5
In base 7, what is -6266131542 - 2?
-6266131544
In base 12, what is 36709a220 + 4?
36709a224
In base 9, what is 34887226 + -1?
34887225
In base 6, what is -31454 - 215035?
-250533
In base 4, what is 30011103133212 + -1?
30011103133211
In base 11, what is 150 - 172400?
-172260
In base 15, what is 4a - -20d8564?
20d85ae
In base 14, what is 46 + 827d6a?
827db2
In base 13, what is -b5 - -259401?
259319
In base 4, what is -3312 + 130210011?
130200033
In base 6, what is 4 - -255033512?
255033520
In base 6, what is -12 - 51543000?
-51543012
In base 8, what is -5 - -445065110?
445065103
In base 15, what is 3ceb + 531?
432c
In base 14, what is -2126 + 308?
-1c1c
In base 4, what is -11 - 3033202222213?
-3033202222230
In base 16, what is -1af9 + -4e0?
-1fd9
In base 12, what is 711142b - 1?
711142a
In base 12, what is -5 + 1445545?
1445540
In base 5, what is -1 - -123421234314?
123421234313
In base 15, what is -a8 - 6d4b5?
-6d56d
In base 4, what is -130311 - -312210230?
312013313
In base 8, what is -20272164144 - -1?
-20272164143
In base 12, what is -357ab38 - -2?
-357ab36
In base 16, what is 5 - -24eeabd?
24eeac2
In base 13, what is b908a + 5?
b9092
In base 16, what is -3 + -7119d55?
-7119d58
In base 7, what is -33110020 - -1?
-33110016
In base 14, what is 1694c78 - 4?
1694c74
In base 4, what is 2301033 + -123300?
2111133
In base 12, what is 1338b + 3a0?
1376b
In base 16, what is -78 - 9e5aa?
-9e622
In base 12, what is 8228b01 - 2?
8228abb
In base 8, what is -215 - -3565744?
3565527
In base 13, what is 1 - -41